(1 - (0 - -2))*-17.
14
Let c(q) = -q + 3. Let a be c(2). Calculate the remainder when (a + 5/(-4))*-148 is divided by 19.
18
Let v(h) = 27*h**2 - 18*h + 18. Calculate the remainder when (-159)/4*16/(-6) is divided by v(1).
25
What is the remainder when ((-97)/2)/(3/(-6)) is divided by 25?
22
Let z(v) = -v**3 - 13*v**2 - 3*v - 18. Let b be z(-13). Let h = -18 + b. What is the remainder when 10 is divided by h?
1
What is the remainder when 107 is divided by 2/6 + 105/9?
11
Let s(t) = t**3 - 2*t**2 + 3*t - 1. Suppose 0 = 2*n, -22 = -3*y + 2*y + n. What is the remainder when s(4) is divided by y?
21
Let j(x) = x**3 + 6*x**2 - 7*x + 5. Let g be j(-7). Suppose 13 = -g*p + 68. What is the remainder when 32 is divided by p?
10
Let b be ((0 - -2)*1)/1. Suppose b*r + 4 = -2*r. What is the remainder when 6/(-2) - r*34 is divided by 11?
9
Let b = 11 - 4. Let s be ((-12)/(-9))/((-4)/(-24)). Let k(m) = -m**3 + 8*m**2 + 2*m - 12. What is the remainder when b is divided by k(s)?
3
Let c(m) = m**3 - 4*m + 2. Calculate the remainder when 47 is divided by c(3).
13
Let z(w) = w**3 + w**2 - w + 23. What is the remainder when (-2)/(-3) + 260/6 is divided by z(0)?
21
Suppose 3*g + k = 219, 3*k - 222 = -3*g + k. What is the remainder when g is divided by 25?
22
Let x(k) = k**2 + k. Let l = 6 - -40. Calculate the remainder when l is divided by x(3).
10
What is the remainder when -1 - 51*(-10)/15 is divided by 6?
3
Calculate the remainder when 95 is divided by 322/49 + 7 - 6/(-14).
11
Suppose 0 = -3*y - j - 4, -4*y + 0*j = -4*j - 16. Suppose y*r = r - 45. Calculate the remainder when r is divided by 16.
13
Let u = 5 - 1. Suppose -2*s - u*i + 14 = 0, 3*s - 4*i - 41 = -0*s. What is the remainder when (-8 - -2)/(1/(-5)) is divided by s?
8
Suppose j = g + 2, 4*j = -3*g + 3 - 16. Let k(c) = 2*c + 8. Calculate the remainder when (-2 - j)*-1*4 is divided by k(-3).
0
Suppose 3 = i - 2. Calculate the remainder when 17 is divided by i.
2
Let n(y) be the second derivative of y**4/12 + y**3/6 - 3*y**2/2 + y. Suppose -o + 5*o = 28. Calculate the remainder when o is divided by n(-3).
1
Let l(b) = -b**3 - 21*b**2 - 2*b - 29. Let c = -66 - -45. What is the remainder when 114/4*(-8)/(-6) is divided by l(c)?
12
Let d = -53 - -111. What is the remainder when d is divided by 21?
16
Suppose -h + 2*h - 3*b - 54 = 0, 0 = -h + 4*b + 56. What is the remainder when h is divided by 7?
6
Let l = -65 + 91. Calculate the remainder when 75 is divided by l.
23
Suppose -97 = 2*p - 419. Calculate the remainder when p is divided by 41.
38
Suppose -2*j = -6*j + 8. Suppose -j*l = b - 9, -2*l - 2*l = 4*b - 20. What is the remainder when l is divided by (-2 - (-5)/2)*6?
1
Let p(c) = -65*c. Let v be p(-6). Suppose -3*a = 0, 3*s + 4*a - v = -a. Suppose -3*z = -8*z + s. Calculate the remainder when z is divided by 9.
8
Let g(f) = -8 + 8*f - 5 + 2*f**3 - 3*f**3 - 9*f**2. What is the remainder when 27 is divided by g(-10)?
6
Let w = -21 + 47. What is the remainder when w is divided by 10?
6
Suppose 0 = 5*z - 5*d - 20, -z + 9 = 2*d + 2. Suppose -k - 691 = 5*t, t - z*k - 281 = 3*t. Calculate the remainder when t/(-3 + 0) + -3 is divided by 11.
10
Calculate the remainder when (-11)/(-2)*2 + -1 is divided by ((-3)/2)/(1/(-4)).
4
Let f = 7 - 5. Suppose -b = -2*i + 30, f*i + 7*b = 4*b + 14. Suppose 0 = 2*v + 2, -4*h - 3*v = v - 148. Calculate the remainder when h is divided by i.
12
Suppose 0 = u + 2*u - 6. Suppose 0*h - 2*h + 12 = 0. What is the remainder when (2/h)/(u/162) is divided by 7?
6
Let x = -16 - -22. What is the remainder when 3*-1 + -6 + 26 is divided by x?
5
Let p(k) = k**3 + 6*k**2 - 6*k + 5. Let v be p(-7). Let c be 11/(((-5)/v)/5). Let d = -10 + c. What is the remainder when 23 is divided by d?
11
Suppose 5*m = 32 + 68. Let b(h) = -h**2 + 8*h - 9. Let x be b(6). Suppose 0*a + x*a = 33. Calculate the remainder when m is divided by a.
9
Suppose -178 = 2*c - 0*c. Let p be c/(0 + (-2)/4). Suppose z + 5*y - 48 = 0, -5*z - p = -2*y - 553. Calculate the remainder when z is divided by 25.
23
Let f = -36 + 19. Let j = 20 + f. What is the remainder when 3 is divided by j?
0
Let t be (-2)/10 - (-52)/10. Suppose -m + 4*i = -2*m + 13, 3*m - 39 = t*i. What is the remainder when 38 is divided by m?
12
Let y be (-112)/18 - 2/(-9). Calculate the remainder when 15 is divided by y/(-10)*(-10)/(-1).
3
Let l(y) = -y**3 + 8*y**2 - 7*y + 5. Let x be l(7). Suppose x*k - 28 = -3. Let g(q) = q. What is the remainder when g(k) is divided by 3?
2
Let r(m) = m**3 - 3*m**2 - 2*m + 2. Let y be r(-2). Let g = -9 - y. Calculate the remainder when g is divided by 2.
1
Suppose 4*v - 20 = 0, 2*f - 5*f + 5*v - 4 = 0. Suppose -f*j + 9*j + 108 = 0. Let a = 89 + j. Calculate the remainder when a is divided by 9.
8
Let m = 28 + -17. Let g be ((-66)/(-2))/((-30)/(-40)). Suppose -4*x + 124 = -g. Calculate the remainder when x is divided by m.
9
Let i = -37 + 59. Suppose 2*g = 3*g - i. What is the remainder when 42 is divided by g?
20
Suppose -10*m + 625 + 345 = 0. Calculate the remainder when m is divided by 20.
17
Calculate the remainder when (-26)/(-8)*(-16)/(-4) is divided by 4.
1
Let r(i) = -i**3 + 9*i**2 + 12*i + 8. Let g be r(9). Suppose 4*a - g = -0*a. What is the remainder when a is divided by 10?
9
Let b be (4/(-2))/((-1)/(-3)). Let m = 37 - 25. What is the remainder when b*(-34)/12*2 is divided by m?
10
Let i be -2 + 3/3 - -5. Suppose g - 110 = 5*f - 0*g, 3*f = -i*g - 43. Let a = f - -33. Calculate the remainder when 34 is divided by a.
10
Let x(f) = f**3 - 2*f**2 + 2*f. Let q be x(2). Let z be 6*((-9)/(-3) - q). Calculate the remainder when 44 is divided by (z/(-4))/(2/20).
14
Let f(j) = j**2 + 6*j + 32. What is the remainder when f(-5) is divided by 10?
7
Let i = -131 - -174. What is the remainder when i is divided by 12?
7
Suppose 4*c - 20 = -0*c, 2*a = -4*c - 4. Calculate the remainder when (-3)/a - 153/(-12) is divided by 4.
1
Suppose b - 16 = 22. What is the remainder when 111 is divided by b?
35
Let h = -4 - -33. Calculate the remainder when h is divided by 10.
9
Suppose k - 6 = -2*k. Suppose 3*c = k*c + 6. What is the remainder when 20 is divided by (0 - -7) + (c - 6)?
6
Suppose 7*k + 58 = 681. Calculate the remainder when k is divided by 45.
44
What is the remainder when 11 is divided by ((-9)/6)/((-15)/50)?
1
Let g(d) = -d**3 + 8*d**2 + 10*d - 6. Let o be g(9). Suppose -o*t = -16 - 35. What is the remainder when t is divided by 2/(-6) + 95/15?
5
Let s(g) = 2*g + 12. Let w be s(-8). Let p be 3/w - (-30)/8. Suppose k - 9 + 1 = 5*h, 4*h - 5 = -p*k. What is the remainder when k is divided by 2?
1
Calculate the remainder when 10/(-4)*64/(-5) is divided by 17.
15
Let r(g) = -g**3 - 6*g**2 - 6*g - 7. Let j be r(-5). Let y = -34 + 36. Calculate the remainder when 9 is divided by j + (-14)/(y/(-1)).
4
Let a = 241 + -157. Calculate the remainder when a is divided by 45.
39
Let i(p) = 24*p**2 + 3*p + 1. What is the remainder when i(-1) is divided by 13?
9
Let h be 4/6*-3 + -3. What is the remainder when -1*5*4/h is divided by 10/4 + 2/(-4)?
0
Suppose -3*u = 4*j - 71, 5*u - 65 = j + 3*j. What is the remainder when 4/1*(0 - -8) is divided by u?
15
Let b = 14 - 7. Suppose 3*x - 2*u = 44, -5*u = -5*x - 2*u + 72. What is the remainder when x is divided by b?
5
Let a(v) = 7*v**2 - 3*v - 3. Let q be a(3). Suppose 8*f + 4*l - 46 = 3*f, -l = -5*f + q. Calculate the remainder when 28 is divided by f.
8
Let r be 40/(-24) + (-4)/(-6). Let s = -13 + r. Calculate the remainder when 0 - 1 - -2 - s is divided by 8.
7
Let u(g) = -6*g**2 + g - 3*g + 3*g + 1 - 7*g**2 + g**3. Calculate the remainder when 55 is divided by u(13).
13
Suppose 4*c - 2*c = 38. Let l = 6 + -3. Suppose 6 = -l*b, -3*q - b - 113 = -6*q. What is the remainder when q is divided by c?
18
Let u = 72 + 24. Suppose 4*a = 3*q + u, 5*a + q - 17 = 4*a. Calculate the remainder when 41 is divided by a.
20
Let c be 3/6 + 2/(-4). Let x = c + 1. Calculate the remainder when 2 is divided by x.
0
Let z = 32 + -10. Suppose 5*l - 3 - 7 = 0, -2*f + 2*l = -28. Let h = f - 4. What is the remainder when z is divided by h?
10
What is the remainder when 10 is divided by 6/5*65/26?
1
Let i = -1 + 2. Suppose -g = -3 - i. Calculate the remainder when g is divided by ((3 + -1)/1)/1.
0
Let s = -2 - -4. W